the thousands digit of 16933786?
3
What is the tens digit of 55617586?
8
What is the millions digit of 3860220563?
0
What is the thousands digit of 327478668?
8
What is the thousands digit of 54862667?
2
What is the millions digit of 87000928?
7
What is the ten thousands digit of 152520918?
2
What is the hundred thousands digit of 191320173?
3
What is the tens digit of 43201681?
8
What is the ten millions digit of 337559113?
3
What is the hundred millions digit of 468987607?
4
What is the hundred thousands digit of 995618619?
6
What is the millions digit of 354720362?
4
What is the billions digit of 1434124735?
1
What is the millions digit of 89091709?
9
What is the ten thousands digit of 119835499?
3
What is the ten thousands digit of 28972832?
7
What is the thousands digit of 43199864?
9
What is the billions digit of 2230134082?
2
What is the hundred thousands digit of 41380638?
3
What is the tens digit of 426078041?
4
What is the ten thousands digit of 1328914654?
1
What is the thousands digit of 133163652?
3
What is the millions digit of 623786798?
3
What is the ten millions digit of 2193332534?
9
What is the ten millions digit of 154727772?
5
What is the millions digit of 550051847?
0
What is the units digit of 427783881?
1
What is the thousands digit of 6521054797?
4
What is the thousands digit of 75684414?
4
What is the hundred millions digit of 973488731?
9
What is the ten thousands digit of 404980802?
8
What is the hundred thousands digit of 16948118?
9
What is the ten millions digit of 239138003?
3
What is the hundreds digit of 31984156?
1
What is the millions digit of 8233244?
8
What is the millions digit of 17717288?
7
What is the hundreds digit of 375336577?
5
What is the ten thousands digit of 21581372?
8
What is the tens digit of 6519998140?
4
What is the tens digit of 49892062?
6
What is the millions digit of 362877287?
2
What is the hundreds digit of 419305288?
2
What is the hundred thousands digit of 593024157?
0
What is the hundred millions digit of 492199745?
4
What is the thousands digit of 7398417?
8
What is the ten millions digit of 25593046?
2
What is the thousands digit of 1225223562?
3
What is the ten millions digit of 126688835?
2
What is the units digit of 344516362?
2
What is the ten thousands digit of 46268377?
6
What is the tens digit of 532817574?
7
What is the hundred thousands digit of 86480370?
4
What is the millions digit of 79168563?
9
What is the thousands digit of 336872941?
2
What is the hundred thousands digit of 348156253?
1
What is the ten thousands digit of 11944030?
4
What is the hundred millions digit of 257631342?
2
What is the units digit of 5370322114?
4
What is the ten millions digit of 74297222?
7
What is the ten thousands digit of 2205604643?
0
What is the billions digit of 5240771796?
5
What is the units digit of 654950439?
9
What is the ten millions digit of 175496831?
7
What is the ten millions digit of 27098825?
2
What is the tens digit of 95464326?
2
What is the ten millions digit of 613409139?
1
What is the units digit of 66011420?
0
What is the thousands digit of 56936597?
6
What is the hundred millions digit of 291039718?
2
What is the hundreds digit of 273810126?
1
What is the hundred thousands digit of 145537933?
5
What is the ten thousands digit of 16853954?
5
What is the ten millions digit of 61036822?
6
What is the millions digit of 14635132?
4
What is the ten millions digit of 38558392?
3
What is the hundreds digit of 124971106?
1
What is the tens digit of 2502002?
0
What is the ten millions digit of 935125341?
3
What is the millions digit of 676464328?
6
What is the billions digit of 5220470928?
5
What is the tens digit of 41772605?
0
What is the units digit of 85484893?
3
What is the thousands digit of 2087490380?
0
What is the units digit of 1209965789?
9
What is the millions digit of 302970796?
2
What is the units digit of 2063820918?
8
What is the ten thousands digit of 288105267?
0
What is the thousands digit of 13967670?
7
What is the hundred thousands digit of 47360745?
3
What is the hundred thousands digit of 116319925?
3
What is the tens digit of 94794390?
9
What is the hundred millions digit of 202843007?
2
What is the hundreds digit of 2620380595?
5
What is the millions digit of 4254644967?
4
What is the ten thousands digit of 23920876?
2
What is the millions digit of 1061647612?
1
What is the ten thousands digit of 4785675326?
7
What is the ten thousands digit of 57213690?
1
What is the ten millions digit of 1622782055?
2
What is the hundreds digit of 161845555?
5
What is the hundred thousands digit of 643380968?
3
What is the tens digit of 2692822194?
9
What is the ten millions digit of 2680259265?
8
What is the ten millions digit of 15884980?
1
What is the hundred thousands digit of 661845383?
8
What is the hundreds digit of 24035331?
3
What is the tens digit of 14387726?
2
What is the ten thousands digit of 1236446992?
4
What is the ten thousands digit of 123686634?
8
What is the ten thousands digit of 181116708?
1
What is the thousands digit of 19011319?
1
What is the units digit of 2379044503?
3
What is the tens digit of 85211053?
5
What is the ten thousands digit of 35337618?
3
What is the units digit of 157009270?
0
What is the ten millions digit of 78455106?
7
What is the ten thousands digit of 318959926?
5
What is the millions digit of 13832650?
3
What is the hundred thousands digit of 40236402?
2
What is the hundreds digit of 403134790?
7
What is the hundreds digit of 5174022587?
5
What is the thousands digit of 24358993?
8
What is the tens digit of 363548156?
5
What is the billions digit of 2838701035?
2
What is the ten millions digit of 269872770?
6
What is the millions digit of 60515856?
0
What is the millions digit of 16682127?
6
What is the hundreds digit of 744676948?
9
What is the tens digit of 1568126844?
4
What is the hundred thousands digit of 5732666003?
6
What is the units digit of 15657243?
3
What is the hundreds digit of 43399584?
5
What is the tens digit of 131238830?
3
What is the hundred millions digit of 123074462?
1
What is the tens digit of 259451863?
6
What is the ten millions digit of 39002639?
3
What is the millions digit of 64654720?
4
What is the hundreds digit of 5530237103?
1
What is the units digit of 416658233?
3
What is the thousands digit of 48820878?
0
What is the hundred thousands digit of 97761136?
7
What is the millions digit of 238605981?
8
What is the millions digit of 60583720?
0
What is the units digit of 1579358679?
9
What is the hundred millions digit of 1780938963?
7
What is the hundreds digit of 5475631630?
6
What is the hundred thousands digit of 390658618?
6
What is the units digit of 6321027?
7
What is the hundreds digit of 61754468?
4
What is the hundred thousands digit of 1596961?
5
What is the tens digit of 72201749?
4
What is the hundred thousands digit of 17206259?
2
What is the hundred thousands digit of 45865916?
8
What is the hundred millions digit of 4549555227?
5
What is the tens digit of 83582408?
0
What is the units digit of 8735476991?
1
What is the hundred millions digit of 285054191?
2
What is the hundred millions digit of 187076275?
1
What is the thousands digit of 123071812?
1
What is the billions digit of 3568044249?
3
What is the tens digit of 389808094?
9
What is the hundred thousands digit of 378243999?
2
What is the ten thousands digit of 169754025?
5
What is the ten millions digit of 938765026?
3
What is the tens digit of 25934873?
7
What is the millions digit of 863634479?
3
What is the units digit of 2431448641?
1
What is the thousands digit of 128528864?
8
What is the tens digit of 19483986?
8
What is the hundred thousands digit of 88381162?
3
What is the tens digit of 2210840?
4
What is the billions digit of 1462139455?
1
What is the tens digit of 137117219?
1
What is the ten millions digit of 53764266?
5
What is the ten thousands digit of 574450375?
5
What is the ten millions digit of 3231067629?
3
What is the millions digit of 694043479?
4
What is the hundreds digit of 509343354?
3
What is the hundreds digit of 443605376?
3
What is the ten thousands digit of 387158893?
5
What is the thousands digit of 37083601?
3
What is the tens digit of 312353344?
4
What is the hundreds digit